
-3
Evaluate -72 + 67 - (0 + -5).
0
Calculate 8 - 3 - -5 - (-2 + 7).
5
Evaluate -4 + 1 + -3 + 8 - 4.
-2
Calculate -6 + 4 - -1 - 3.
-4
What is 1 + 4 - (-1 + 1)?
5
-2 - (0 + (-3 - -2)) - -6
5
What is 0 + 7 + (-2 - 0) - 3?
2
(-6 - (-6 - -9)) + 10
1
1 + (-7 + 5 - -4)
3
0 - (-5 + 1 + -20 + 24)
0
4 + -1 - (8 + -3)
-2
(22 - 6) + -3 - 9
4
Calculate 1 - (-2 + -3 + 5 - -5).
-4
7 - (4 - 0 - (33 - 33))
3
(-14 - -11 - (0 + -4)) + -1
0
What is the value of (-1 - (-6 - -14)) + 14?
5
What is the value of 3 + (-2 - -3) + (0 - 1)?
3
What is (-3 - (-2 - -3)) + 7 + 1?
4
Evaluate -6 - -7 - (0 - 0 - 2).
3
What is the value of -2 - (3 + -3 + -1)?
-1
Evaluate (5 - (0 + 3)) + 3.
5
1 + (-3 - (3 + -8 + 3))
0
What is the value of 3 - (-2 + (-1 - -5) + 0)?
1
Calculate (6 - 0) + 28 + -34 - -2.
2
What is 3 + -4 + (2 - -1)?
2
Calculate 5 + -1 + -7 + 13 + -7.
3
Evaluate 4 + (0 - 0) + (0 - 6).
-2
Evaluate -5 + (-2 - -9) - (0 + 3).
-1
What is the value of -3 + (0 + -2 - (15 + -20))?
0
What is 8 + -3 + -3 - 1?
1
2 + 2 + (-4 - -2 - 3)
-1
-14 - -15 - (-4 + 6)
-1
-5 + (-2 - 3 - -9)
-1
-2 + (-17 - -13) + 0 + 3
-3
Evaluate (-1 - 1) + 2 + 4 + -7.
-3
Evaluate -2 - (-4 - -1 - -5).
-4
What is (-3 - -4) + 3 - (-6 - -11)?
-1
What is -5 + 0 - (-3 - 0)?
-2
6 - (2 + 13 + -5)
-4
Calculate -1 + (5 - (3 - -3)).
-2
Calculate 1 - (4 - -5) - -4.
-4
4 + 4 + 16 + -28
-4
What is the value of (11 - 5) + -5 + -1?
0
What is the value of -3 - (-1 - (2 - -3))?
3
Calculate -3 + 8 + -1 + -3.
1
What is -1 + (-3 - 1 - (3 + -7))?
-1
Calculate -14 + 5 - -2 - -10.
3
What is 4 - (-1 + (0 - (-5 - -5)))?
5
What is (10 + -9 - 1) + 3?
3
-7 + (-2 - (-7 + 0))
-2
What is the value of (4 + 7 - 3) + -6?
2
(2 - 5) + -4 + 12
5
What is -2 - -1 - (-5 - -9)?
-5
What is -25 - -27 - (-2 + 3 + 2)?
-1
What is the value of (-18 - -16) + (1 - 0 - 1)?
-2
What is the value of -2 - 2 - (3 + -10 - -3)?
0
What is 4 + 2 + (2 - (-5 - -7))?
6
0 + 0 + (2 - 5)
-3
1 + 1 + 28 + -33
-3
What is the value of 4 + -1 + -3 + 3 + -1?
2
Evaluate 4 - 8 - (2 + 0).
-6
Evaluate 2 + 5 - ((-24 - -14) + 13).
4
What is the value of -4 - (-2 + -7 + 5)?
0
Evaluate -1 - (-9 + 1 + 3).
4
Calculate 0 - -7 - (-39 - -43).
3
(4 + -7 - -1) + 2 + -2
-2
What is 14 + (1 - 19) - (-1 + -4)?
1
Calculate (0 - 7) + 10 + 4.
7
-2 + 5 + -9 + 3 + 10
7
(11 - 1) + -4 + -1
5
What is (-4 - -1) + 10 + -8 + 1?
0
What is 12 + -4 + 1 + -5?
4
What is (0 - 0) + -5 - (0 + -2)?
-3
What is 3 + (10 + -7 - 9)?
-3
Evaluate 1 + -2 - (7 - 8 - -3).
-3
Evaluate -10 + 15 + -5 + 1.
1
What is (-5 - (1 - 10)) + -14 + 3?
-7
What is (-9 + 5 - -4) + -1?
-1
Calculate -6 + (-3 - -9) + -4.
-4
(4 + -4 - -2) + -4 + -3
-5
What is the value of -1 - (-52 + 51 + 3 + 1)?
-4
Evaluate -1 + -4 - (22 - 26).
-1
0 + -2 + -2 + (22 - 19)
-1
What is (1 - (-3 + 3)) + -2 - -2?
1
Calculate 7 - (4 - -4 - (2 + 3)).
4
Evaluate 1 - (-7 + 25 + -12).
-5
Calculate (-5 - 2) + (10 - 12) + -2.
-11
What is (-3 - 2) + (3 - (-7 - 1))?
6
Evaluate 4 - 4 - 2 - (1 + 1).
-4
Calculate -1 + -11 - -8 - (-3 + 3).
-4
0 + (-8 - -4 - -2) - 1
-3
Calculate -1 - 1 - (-5 - -3) - -5.
5
Evaluate -2 + (-5 - -6) - -1.
0
What is 1 + -5 - (1 - (0 + 1))?
-4
-2 - (-6 + 14) - -3
-7
Calculate 1 + -5 + -92 + 101.
5
-1 - -1 - (-3 + -2 - -10)
-5
Evaluate (16 - (-5 + 12)) + -11.
-2
What is the value of -11 + 7 - (0 + -6)?
2
3 + (0 - (-1 - -8))
-4
Evaluate -54 + 47 + (11 - -1).
5
-2 + (8 - 5) + 3
4
What is (13 + -6 - 5) + -9?
-7
What is the value of 4 + -4 + (-2 - -4)?
2
Evaluate 1 + 1 - (0 + 2).
0
What is (1 - -1) + 8 + -8?
2
What is the value of -1 + -4 - (-11 - -9)?
-3
-7 + 2 - (-1 + -1)
-3
What is the value of 8 + -4 + -4 + 6?
6
What is (3 - 6) + (6 - (4 + -3))?
2
Evaluate (12 - 6) + 6 + -3 + -12.
-3
Calculate 1 + 2 + (-17 - -17).
3
What is the value of 6 + -3 + -6 - (0 + -3)?
0
What is the value of 2 + -1 + (2 - -4 - 5)?
2
What is 6 + -4 + 0 - 0?
2
What is the value of -4 - ((-3 - -1) + -4)?
2
Calculate -17 - -21 - (0 + 2).
2
What is the value of (3 - 2) + -3 + (29 - 19)?
8
What is the value of 3 - (0 + 7) - (2 - 5)?
-1
Calculate -2 + -2 + 9 + -4.
1
Calculate -1 + -2 + (4 - 1).
0
What is -5 + (-2 - -3) + 0?
-4
What is -1 + -6 + 3 - (-5 - 3)?
4
What is the value of -4 - (-4 - 11 - -4)?
7
-7 + (-1 - (6 + 0 + -5))
-9
Evaluate 1 - 3 - (5 - (0 + 5)).
-2
Calculate 5 + -4 - 9 - (-14 - -12).
-6
Calculate -2 + (-8 - -6 - 0).
-4
Evaluate 2 - (0 + 7) - (1 + -8).
2
Calculate 7 + -8 - -2 - (-1 + -1).
3
Evaluate 0 - 1 - (-14 - -10).
3
Evaluate 4 + (-7 + 2 - -4 - -1).
4
What is the value of (2 - (0 - (-1 - -3))) + -5?
-1
Calculate (4 - 1) + 1 + -9 + 7.
2
(-17 - -10) + -11 + 10
-8
What is the value of 14 - (0 + -5 - -17)?
2
(3 - -3) + -4 + -4
-2
Evaluate (-4 - (3 + -8)) + 1.
2
Evaluate (5 + -7 - -9) + -2.
5
Evaluate 8 - 16 - (0 - (-3 + 7)).
-4
4 + 3 - (19 + -12)
0
Evaluate (-1 - 6) + 2 + 2 + -6.
-9
What is -3 - (-1 + 4 + -5)?
-1
5 - ((-4 - -3) + 0)
6
What is the value of 5 - 4 - (10 - 11)?
2
What is the value of 0 - -1 - ((2 - 0) + 2)?
-3
Calculate -4 + -2 + (1 - -3).
-2
Evaluate 5 + -11 + 4 - (-5 + -3).
6
What is (0 + -2 - -5) + -4?
-1
-3 - (2 + (3 - 9))
1
Evaluate 1 + (-11 - -16 - 5).
1
9 + (-1 - (6 - -3))
-1
Calculate -1 + (0 - (-5 + 1 + 7)).
-4
What is -1 - 2 - (75 - 83)?
5
-25 + 4 + 11 - -3
-7
Evaluate -2 - -1 - (-1 - (1 + -6)).
-5
Calculate 2 - (3 + 5 - (1 - -1)).
-4
What is the value of 8 + (-13 - ((-15 - -7) + 2))?
1
Evaluate 1 - (-11 - -1 - -9).
2
What is 1 - 4 - -4 - 1?
0
-18 - (-18 + (5 - -2))
-7
-1 - 0 - (2 - (3 - 1))
-1
What is 0 + -5 + -2 + 4?
-3
Evaluate -6 - (-1 - 0 - (1 - 2)).
-6
Evaluate 1 + 0 - (-22 - -24).
-1
What is (-10 - -4) + 4 - (-2 + -1)?
1
Calculate 0 + 3 + (-15 + -7 - -15).
-4
Calculate 3 + 4 + -4 - -5 - 2.
6
What is -10 + (6 + 3 - 7)?
-8
What is 5 + 7 + -9 + 3?
6
(2 + 2 - (-2 - -8)) + 2
0
What is the value of -9 + 4 - -4 - 5?
-6
What is (-1 - -1) + 6 + -3 + 2?
5
-3 - -2 - (1 + -1)
-1
-19 + 5 + 7 - -1
-6
What is the value of -3 - (-5 + 9) - (-6 - -2)?
-3
Calculate -6 + 5 - (3 - 1).
-3
What is 0 - ((-3 - -6) + 2)?
-5
What is 3 + 7 + -23 - -10?
-3
What is -4 + (9 - 8 - -6)?
3
Calculate 2 - (0 + 5 + -7 + 0).
4
Calculate -6 + 5 + (-3 + 9 - 3).
2
-1 + 0 - 3 - 2 - 1
-7
What is the value of 1 + (5 - (12 + -6))?
0
What is the value of -8 - -1 - (25 - 31)?
-1
What is 1 + -3 + -1 + 7?
4
Evaluate 4 + ((1 - -1) + 6 - 2).
10
Evaluate 5 + 8 + -8 - 9.
-4
What is the value of 5 - (-2 + (-4 + 3 - -7))?
1
What is the value of -3 + 5 - 5 - (-1 + -1)?
-1
What is 1 + 6 + (-1 - 0)?
6
Evaluate 7 + (-10 - -5) + 0.
2
Calculate (-7 - (-5 + -1) - 2) + -3.
-6
What is the value of -2 + (10 - (5 - -4))?
-1
Evaluate -5 - (6 + 0 + -9).
-2
Calculate 7 + (13 + -34 - -8).
-6
What is the value of -1 + 0 + 2 + -9 + 13?
5
Calculate (5 + -2 - 2) + -3 + 3.
1
4 - ((5 - 7 - -6) + -5)
5
Evaluate -1 - (-4 + 1 + -6 + 5).
3
What is the value of 5 - (0 + 1 + 2)?
2
Calculate 10 - (14 - (9 + -1)).
4
(17 - (0 + 9)) + -9
-1
Evaluate -2 + -14 + (23 - 9).
-2
Evaluate -9 + (10 - (-1 - -8)).
-6
What is 15 - (13 - (8 - 1)) - 3?
6
What is 2 + 1 - (3 + 2)?
-2
What is the value of (0 + -1 - 3) + (1 - -10)?
7
0 + -1 + 3 + -3 + -2
-3
Calculate -2 + (-3 - -3) + (-1 - -1).
-2
Calculate 3 + 5 + 3 - 8.
3
Calculate -9 + (6 - 1) + 3.
-1
Evaluate -4 - (4 + -3 - 3).
-2
Calculate 7 - (10 + -7 - (2 + -3)).
3
(1 - -4) + -3 + -5 + 9
6
Calculate 10 - (-8 - -4 - (-1 - 6)).
7
What is the value of -6 - (7 + (-11 - 6))?
4
What is the value of (4 - (3 + 1)) + 2?
2
26 + -11 + -2 - 15
-2
Calculate 3 + (1 + -5 - 0).
-1
Calculate -6 + -1 + -28 + 16 + 8.
-11
-4 - -8 - 6 - -3 - 0
1
Calculate (-9 - -2 - 2) + 7.
-2
Evaluate -1 + (0 - 5) - -8 - -5.
7
(-1 - (8 - 4)) + 4 + 2
1
Evaluate 2 - 6 - (-1 + -11 + 1).
7
-1 + (2 - -8 - 6)
3
Calculate 5 - (-3 - -2) - 1.
5
Calculate -2 + (3 - (-1 - -4)).
-2
Calculate 3 + (-1 - -1) + -2 + 1.
2
What is -9 + -3 + (8 - -8)?
4
0 - (3 - (3 - (-3 - -3)))
0
-3 - (4 + -12 + 8)
-3
Evaluate -57 + 49 - (1 + -6).
-3
Calculate 3 + 6 - 12 - (4 + -9).
2
What is the value of 2 + (-1 - 5) - (-1 + 2)?
-5
(-1 + -3 - -3 - 6) + 3
-4
What is the value of 5 + (-9 - -3) + -3?
-4
What is 10 + -10 + 4 + (-2 - -2)?
4
What is the value of (-11 + 5 - (-2 + -8)) + 3?
7
-1 + 9 + (58 - 66)
0
Calculate (-4 - (2 - 6)) + 4.
4
Calculate 9 - (7 + -4 + 2).
4
Calculate 1 + -1 + -5 - (218 - 223).
0
Evaluate (-4 - (5 - 3)) + 4.
-2
Calculate -3